(c) = 3*c + 29. What is x(-10)?
-1
Let l(j) = j**2 - 4*j + 15. Calculate l(7).
36
Let j(l) = -l**2 - 14*l + 32. Determine j(-16).
0
Let k(b) = 2*b + 45. Give k(-20).
5
Let i(c) = -c**2 - 31. Calculate i(-5).
-56
Let z(v) = v**3 - 6*v**2 + 8*v + 3. Determine z(2).
3
Let u(s) = -25*s + 11. Determine u(3).
-64
Let q(i) = 21*i**2 - 3*i - 1. Calculate q(-1).
23
Let s(j) = -6*j**3 - 5*j**2 - 9*j + 1. Determine s(-2).
47
Let a(w) = 7*w**2 + 2*w - 2. Give a(1).
7
Let m(r) = r**3 - 8*r**2 - 9*r - 6. Give m(9).
-6
Let b(y) = -2*y - 2. What is b(5)?
-12
Let k(y) = -3*y - 21. What is k(-3)?
-12
Let n(i) = -i**3 - 1. Determine n(5).
-126
Let a(r) = -2*r**3 + 3*r**2 - r + 4. Give a(3).
-26
Let z(f) = -f**3 - f**2 + 2*f - 2. Calculate z(1).
-2
Let v(y) = -y**3 - 10*y**2 - 4*y - 12. Give v(-10).
28
Let u(j) = j**3 + 8*j**2 - 8*j + 6. Determine u(-9).
-3
Let d(f) = -f**3 - 5*f**2 + 9*f + 21. What is d(-6)?
3
Let g(b) = -31*b - 32. Give g(-1).
-1
Let k(i) = 9*i - 2. Calculate k(1).
7
Let f(l) = -3*l**2 + 78*l - 80. Give f(25).
-5
Let l(d) = -d**3 + 45*d**2 - 40*d - 184. Determine l(44).
-8
Let p(h) = -18*h + 150. Determine p(7).
24
Let m(l) = l**2 + 9*l - 2. Determine m(-7).
-16
Let c(r) = -r**3 + 6*r**2 + 26*r + 9. Give c(9).
0
Let w(p) = -p**3 + 11*p**2 + 17*p - 22. Calculate w(12).
38
Let a(d) = d**3 - 7*d**2 + 6*d - 4. Determine a(6).
-4
Let b(d) = -d**3 - 14*d**2 + 13*d - 21. What is b(-15)?
9
Let a(s) = 3*s - 3. Calculate a(4).
9
Let j(z) = 3*z**2 - 25*z + 5. Determine j(8).
-3
Let b(a) = a**3 - 3*a**2 - 6*a - 4. Give b(5).
16
Let p(h) = -8*h + 31. Calculate p(2).
15
Let z(d) = -d**2 + d + 2. Determine z(-2).
-4
Let z(l) = 2*l**3 + 7*l**2 + 7*l + 7. Determine z(-4).
-37
Let h(l) = 3*l**2 + 3*l - 7. What is h(3)?
29
Let y(o) = 2*o - 9. Calculate y(0).
-9
Let g(l) = -l**3 - l**2 - l + 11. Determine g(0).
11
Let m(p) = -p**3 + 7*p**2 - p + 11. Calculate m(7).
4
Let q(k) = -8*k**3 - 2*k**2 - k. What is q(-2)?
58
Let t(s) = s**2 + 12*s - 226. Give t(10).
-6
Let w(n) = -n**3 + 7*n**2 + 8*n + 7. What is w(8)?
7
Let r(l) = l**3 - 16*l**2 - 19*l + 27. What is r(17)?
-7
Let r(x) = x**2 + 10*x + 13. Calculate r(-9).
4
Let i(h) = h**3 + 27*h**2 + 2*h + 47. What is i(-27)?
-7
Let k(l) = l**3 - 10*l**2 + 10*l - 1. Give k(9).
8
Let s(w) = w**3 - 3*w**2 + w + 3. Calculate s(4).
23
Let g(l) = 2*l**3 - 36*l**2 + 6*l - 97. Determine g(18).
11
Let t(a) = -a**3 + 6*a**2 + 5*a + 5. Determine t(7).
-9
Let n(t) = -t**3 + 3*t**2 + 5*t - 5. Give n(4).
-1
Let s(r) = -r**2 + r + 12. Calculate s(4).
0
Let m(y) = 3*y - 30. Give m(7).
-9
Let d(x) = x**2 + 41*x + 9. Determine d(-40).
-31
Let v(r) = r - 23. Calculate v(18).
-5
Let p(q) = 4*q**3 + 3*q**2 + 2*q + 4. What is p(-3)?
-83
Let a(g) = -64*g + 250. What is a(4)?
-6
Let g(x) = x - 40. Give g(12).
-28
Let c(k) = -k**3 - 10*k**2 - 3*k - 11. Give c(-10).
19
Let a(f) = -f**3 + 4*f**2 + 10*f - 27. Calculate a(5).
-2
Let v(l) = -2*l**2 - 4*l + 8. What is v(3)?
-22
Let w(t) = t**2 - 12*t + 18. Determine w(10).
-2
Let k(f) = -f**2 - 5*f - 4. Determine k(-5).
-4
Let v(h) = -55*h + 159. Determine v(3).
-6
Let z(r) = r**3 - 13*r**2 - 13*r - 11. Give z(14).
3
Let u(g) = g**2 - 13*g - 36. What is u(16)?
12
Let v(k) = 38*k + 157. Calculate v(-5).
-33
Let s(p) = 20*p**2 - p + 1. What is s(1)?
20
Let z(o) = o**3 + 10*o**2 - 12*o - 22. Give z(-9).
167
Let c(w) = w**2 - w + 2. What is c(-5)?
32
Let d(h) = -h**2 - 2*h + 4. What is d(-5)?
-11
Let c(m) = m**3 + 11*m**2 + 9*m - 18. Calculate c(-10).
-8
Let b(g) = 2*g**2 - 35*g + 130. Give b(5).
5
Let b(l) = -4*l + 16. Calculate b(5).
-4
Let n(y) = 43*y**3 + 3*y + 3. What is n(-1)?
-43
Let h(g) = -g**3 + 10*g**2 + 3*g + 7. Determine h(10).
37
Let j(w) = w**2 - 23*w + 39. Calculate j(2).
-3
Let s(p) = -p**2 + 11*p - 16. Give s(9).
2
Let p(g) = -g**2 - 26*g + 21. Give p(-27).
-6
Let o(c) = c**3 - 3*c**2 + c. Give o(3).
3
Let y(r) = -2*r**3 - 9*r**2 - 5*r + 2. Give y(-4).
6
Let b(v) = -v**3 - 4*v**2 + 5*v - 11. Calculate b(-5).
-11
Let s(d) = -d**3 - 2*d**2 + 6*d + 1. Give s(-4).
9
Let p(o) = -4*o - 7. Determine p(-3).
5
Let y(t) = -t**2 + 30*t + 52. What is y(34)?
-84
Let g(y) = 19*y - 60. Calculate g(3).
-3
Let q(x) = 30*x + 606. What is q(-20)?
6
Let z(u) = -39*u**2 + 21*u. Calculate z(1).
-18
Let k(w) = -14*w - 33. Give k(-3).
9
Let j(f) = f**3 - 32*f**2 - 70*f + 75. Calculate j(34).
7
Let v(r) = 12*r + 8. Calculate v(-1).
-4
Let w(p) = p**3 - 10*p**2 + 10*p + 9. Give w(9).
18
Let y(w) = 10*w**2 - 2*w. Determine y(-1).
12
Let o(h) = h**3 - 24*h**2 - 25*h - 2. Give o(25).
-2
Let a(x) = -2*x + 7. Calculate a(-3).
13
Let j(k) = -k**2 - k - 16. Give j(0).
-16
Let b(g) = -2*g + 30. Calculate b(14).
2
Let x(z) = z**3 - 6*z**2 + 7*z - 3. Give x(4).
-7
Let b(u) = -3*u**2 + 5*u + 7. What is b(-3)?
-35
Let q(t) = -t**3 + 5*t**2 + 8*t + 24. Calculate q(7).
-18
Let u(z) = 2*z + 3. Determine u(-4).
-5
Let f(y) = -2*y + 6. Give f(-5).
16
Let v(h) = h - 18. What is v(10)?
-8
Let o(k) = k**3 + 49*k**2 + 179*k - 47. Determine o(-45).
-2
Let z(u) = u**3 - 8*u**2 - 10*u - 3. Determine z(9).
-12
Let w(o) = -o**3 + 8*o**2 - 4*o - 2. Calculate w(3).
31
Let p(f) = 2*f**2 + 4. Determine p(-3).
22
Let r(k) = -k**2 - 7*k + 11. Give r(-10).
-19
Let g(b) = -b**2 + 2*b + 18. Calculate g(10).
-62
Let s(p) = -4*p - 1. What is s(-1)?
3
Let m(b) = -3*b - 7. Give m(-4).
5
Let y(r) = r**2 - 10*r - 7. Give y(11).
4
Let b(l) = -l**3 - 3*l**2 - 4*l - 7. Give b(-2).
-3
Let t(f) = -63*f - 1. What is t(0)?
-1
Let m(z) = -z**3 + 41*z**2 + 43*z - 22. Calculate m(42).
20
Let k(r) = r**2 - 4*r + 3. What is k(5)?
8
Let d(u) = 2*u**3 - 3*u**2 + 3. Determine d(2).
7
Let t(i) = -2*i**3 + 2*i**2 + 5*i + 4. Determine t(-3).
61
Let t(r) = -r**2 + 3*r + 6. Give t(-3).
-12
Let i(c) = -c**3 - 5*c**2 + 6*c. What is i(-4)?
-40
Let s(j) = -12*j + 179. Calculate s(15).
-1
Let o(r) = -2*r**3 - r**2 + 2*r - 4. Calculate o(-2).
4
Let q(i) = i**3 - 14*i**2 - 4. What is q(14)?
-4
Let q(t) = 2*t**3 - 49*t**2 - 25*t + 4. Determine q(25).
4
Let r(f) = -f**2 - 16*f - 33. Determine r(-13).
6
Let p(d) = 2*d**2 - 10*d - 4. Determine p(5).
-4
Let l(k) = -2*k**2 - 17*k + 13. What is l(-12)?
-71
Let y(w) = -w**3 + 3*w**2 + w + 3. Give y(3).
6
Let j(n) = n**3 + 22*n**2 + 18*n - 69. What is j(-21)?
-6
Let f(m) = -2*m**2 + 21*m - 8. Calculate f(10).
2
Let h(w) = -60*w. Determine h(-1).
60
Let r(t) = 13*t**2 + 4*t + 3. What is r(2)?
63
Let d(g) = -g**2 - 5*g - 19. Give d(-6).
-25
Let g(c) = c**3 - 6*c**2 - 4*c + 14. What is g(6)?
-10
Let q(c) = -2*c**2 - 10*c + 3. Calculate q(-6).
-9
Let m(y) = 3*y + 16. Determine m(-7).
-5
Let x(m) = m**3 + 10*m**2 - 2*m - 13. What is x(-10)?
7
Let i(w) = -9*w + 139. Give i(16).
-5
Let i(s) = -s**2 - 29*s - 54. What is i(-2)?
0
Let l(x) = -3*x**2 + 82*x + 90. Determine l(28).
34
Let s(a) = -a**3 - 7*a**2 - 5*a + 8. Determine s(-6).
2
Let z(f) = -4*f**3 + f**2 - f. Give z(1).
-4
Let i(h) = 4*h - 22. What is i(8)?
10
Let n(x) = x**3 - 23*x**2 - 49*x - 21. Calculate n(25).
4
Let l(c) = 2*c - 8. Give l(27).
46
Let d(j) = -j**2 + 7*j + 7. Determine d(6).
13
Let p(r) = 4*r + 31. What is p(-7)?
3
Let c(p) = 12*p - 25. Determine c(-6).
-97
Let w(t) = 6*t + 38. Determine w(-4).
14
Let l(x) = -x**2 - 9*x + 24. Calculate l(-11).
2
Let v(r) = r**2 - 34*r + 98. Determine v(31).
5
Let r(t) = -4*t - 59. Determine r(-15).
1
Let q(b) = -b - 11. Give q(-3).
-8
Let w(r) = -12*r - 69. What is w(-5)?
-9
Let j(t) = -t**2 + 16*t - 76. What is j(10)?
-16
Let r(j) = j**2 + 13*j + 22. Determine r(-7).
-20
Let d(n) = 2*n**3 - 7*n**2 + 10*n. What is d(2)?
8
Let u(i) = 5*i**3 + 2*i**2 + 2*i + 1. Give u(-1).
-4
Let h(f) = 3*f - 2. Determine h(-4).
-14
Let i(n) = n**2 + 9*n - 24. Give i(-13).
28
Let g(s) = s**3 - 17*s**2 - 16*s - 19. Determine g(18).
17
Let l(r) = -24*r**3 + 2*r**2 - r. Determine l(1).
-23
Let j(n) = -2*n**2 + 3*n - 1. Give j(-5).
-66
Let l(a) = -52*a**3 + a**2 + a - 2. Calculate l(1).
-52
Let p(f) = -14*f + 268. Determine p(19).
2
Let y(d) = 3*d**3 - 3*d**2 + 5*d - 2. What is y(2)?
20
Let r(s) = -s**3 - 5*s**2 + 13*s - 4. What is r(-6)?
-46
Let g(b) = -b**2 - 4*b + 11. Determine g(-8).
-21
Let x(y) = -y**2 + 7*y + 5. Determine x(6).
11
Let k(v) = v - 10. Calculate k(4).
-6
Let i(v) = 4*v**2 + 3*v + 4. Give i(-2).
14
Let r(o) = -4*o**2 - 211*o + 61. Wha